+ 41*t - 49. Calculate x(-5).
21
Let f(c) = 35*c - 1077. Calculate f(32).
43
Let f(t) = -29*t - 2307. Determine f(-80).
13
Let y(t) = -32*t - 309. Determine y(-8).
-53
Let y(v) = -1179*v + 30669. Give y(26).
15
Let w(z) = 7*z**2 - 245*z - 245. Calculate w(36).
7
Let j(m) = 2*m**3 + 42*m**2 - 47*m - 34. What is j(-22)?
32
Let d(q) = -45*q**2 - 674*q - 673. Determine d(-1).
-44
Let r(d) = 551*d - 22041. Give r(40).
-1
Let f(a) = -a - 57. Calculate f(8).
-65
Let v(p) = -78*p - 302. Calculate v(-7).
244
Let t(i) = -2*i**2 - 199*i - 2105. What is t(-12)?
-5
Let b(j) = -586*j + 1165. Calculate b(2).
-7
Let m(i) = i**2 + 36*i + 19. Determine m(-29).
-184
Let a(x) = -21*x - 10. What is a(6)?
-136
Let n(b) = 121*b + 247. Calculate n(-2).
5
Let z(v) = v**3 - 46*v**2 + 276*v - 105. Give z(39).
12
Let b(r) = r**2 - 63*r - 16835. What is b(165)?
-5
Let h(p) = p**3 + 6*p**2 + 2*p - 22. What is h(-4)?
2
Let x(k) = 11*k - 563. Calculate x(36).
-167
Let f(p) = -82*p**2 + 42*p - 81. Determine f(2).
-325
Let x(j) = 2*j**2 + 192*j - 1661. Determine x(-104).
3
Let f(y) = y**3 - 31*y**2 + 46*y - 51. What is f(29)?
-399
Let j(s) = s**3 + 11*s**2 - 18*s + 1. What is j(-10)?
281
Let n(b) = -2*b**3 + 89*b**2 + 40*b + 219. Calculate n(45).
-6
Let w(k) = -k**2 - 310*k - 23057. Give w(-124).
7
Let l(r) = -r**3 - 8*r**2 + 21*r - 16. Determine l(3).
-52
Let l(n) = n**3 + 32*n**2 + 109*n + 4687. What is l(-33)?
1
Let o(l) = -109*l + 408. Determine o(4).
-28
Let b(j) = j**3 + 2*j**2 - 34*j + 20. Determine b(-7).
13
Let r(x) = -3885*x - 69934. Determine r(-18).
-4
Let w(o) = -o**3 + 10*o**2 - 739*o + 5777. Give w(8).
-7
Let p(r) = -7*r**2 - 13*r - 41. Give p(-4).
-101
Let u(h) = -11*h**2 - 149*h + 103. Calculate u(-14).
33
Let s(o) = o**3 + 19*o**2 - 16*o + 73. Give s(-20).
-7
Let t(b) = -20*b + 423. Give t(23).
-37
Let m(y) = -97*y**3 - 73*y**2 + 75*y - 3. What is m(1)?
-98
Let l(d) = 3*d**3 + 23*d**2 - 9*d + 10. Determine l(-8).
18
Let h(l) = 34*l**2 - 620*l + 37. Calculate h(18).
-107
Let g(b) = 4*b**3 - 23*b**2 + 21*b + 33. Calculate g(3).
-3
Let u(a) = 533*a - 2121. Determine u(4).
11
Let l(b) = 51*b - 446. What is l(8)?
-38
Let i(m) = -50*m + 758. Determine i(15).
8
Let t(d) = -16571*d - 66291. Determine t(-4).
-7
Let c(y) = 10*y**3 + y**2 - 3*y. Calculate c(1).
8
Let j(u) = 5*u**3 + 25*u**2 - 72*u - 1. What is j(-7)?
13
Let i(w) = -152*w - 3687. Calculate i(-24).
-39
Let g(k) = -89*k**2 + 5072*k + 41. Calculate g(57).
-16
Let j(i) = 14*i**2 + 16*i + 37. What is j(-2)?
61
Let i(j) = j**2 + 241*j - 4106. What is i(16)?
6
Let i(x) = x**2 - 177*x - 5285. Determine i(203).
-7
Let t(o) = 32*o + 640. Give t(-20).
0
Let n(u) = 1343*u - 4259. What is n(3)?
-230
Let u(o) = o**3 - 59*o**2 + 189*o - 1184. Calculate u(56).
-8
Let h(s) = s**2 - 40*s + 70. Calculate h(20).
-330
Let s(y) = y**2 + 225*y + 1922. What is s(-9)?
-22
Let y(h) = 102*h - 26. Determine y(0).
-26
Let i(v) = -651*v + 9767. Give i(15).
2
Let k(x) = 1256*x + 5037. Determine k(-4).
13
Let k(v) = 5*v**2 + 40*v - 32. Give k(-8).
-32
Let y(h) = 3*h**2 + 381*h + 9837. Calculate y(-91).
9
Let l(m) = m**2 - 70*m + 991. Calculate l(20).
-9
Let p(f) = -f**2 + 68*f - 527. Determine p(59).
4
Let o(d) = -32*d**2 + 2082*d - 38. Calculate o(65).
92
Let l(x) = x**2 - 223*x - 5396. Calculate l(-22).
-6
Let g(o) = o**3 - 22*o**2 - 323*o + 93. Calculate g(32).
-3
Let z(q) = -2*q**3 - 97*q**2 - 323*q - 72. Calculate z(-45).
288
Let f(z) = 6*z + 499. What is f(-34)?
295
Let r(g) = -12*g**3 + 8*g**2 + 3*g - 1. Calculate r(-3).
386
Let l(w) = -4*w**3 - 291*w**2 - 216*w - 46. What is l(-72)?
-46
Let a(u) = u**2 - 1843*u + 20145. Give a(11).
-7
Let j(s) = 44*s**2 - 9*s + 8. Determine j(1).
43
Let p(m) = 74*m + 9982. Calculate p(-135).
-8
Let b(g) = 69*g + 138. Determine b(-2).
0
Let q(i) = -630*i + 5683. Give q(9).
13
Let r(p) = p**2 + 113*p + 1630. Give r(-17).
-2
Let z(k) = -24*k**2 - 164*k + 324. Give z(2).
-100
Let a(o) = o**3 - 9*o**2 + 116*o - 519. Give a(5).
-39
Let y(r) = -r**3 - 33*r**2 + 32*r - 63. Calculate y(-34).
5
Let q(u) = -u**3 + 4*u**2 + 10*u - 46. What is q(8)?
-222
Let y(h) = 2*h + 11. Determine y(0).
11
Let z(f) = f**3 + 13*f**2 - 14*f - 438. Give z(-10).
2
Let m(r) = -22*r**2 - 118*r + 20. Determine m(-6).
-64
Let i(j) = -10*j + 395. Determine i(40).
-5
Let y(f) = -2*f**3 - 74*f**2 - 10*f - 375. Determine y(-37).
-5
Let j(o) = -2*o**2 + 257*o - 1254. Determine j(5).
-19
Let x(v) = 245*v - 2938. Give x(12).
2
Let i(r) = 6*r - 107. Give i(12).
-35
Let k(g) = -2*g**2 - 120*g - 651. Give k(-6).
-3
Let y(d) = -d**3 + 24*d**2 + 78*d + 26. Give y(27).
-55
Let p(m) = 37*m**2 + 298*m + 12. What is p(-8)?
-4
Let f(p) = 4*p**2 + 1045*p + 4117. What is f(-4)?
1
Let n(s) = -39*s + 801. What is n(14)?
255
Let x(h) = -h**3 - 8*h**2 + 30*h + 30. Determine x(-11).
63
Let x(r) = -3*r**2 - 5*r + 13. Calculate x(-9).
-185
Let v(l) = 13*l - 304. What is v(21)?
-31
Let l(y) = -17*y - 223. What is l(-15)?
32
Let x(b) = b - 70. Give x(21).
-49
Let h(v) = 2*v**2 + 23*v - 132. Give h(-20).
208
Let t(z) = 23*z + 947. Calculate t(-43).
-42
Let n(h) = -3*h**3 + 9*h**2 - 11*h - 28. What is n(5)?
-233
Let o(v) = -9*v**2 - 68*v - 142. What is o(-3)?
-19
Let p(x) = -192*x**2 + 578*x - 5. Give p(3).
1
Let o(c) = 3*c - 261. What is o(21)?
-198
Let v(q) = -38*q**2 - 913*q + 5. Give v(-24).
29
Let w(q) = -q**3 + 5*q**2 + 7*q - 29. What is w(5)?
6
Let q(o) = 30*o - 271. What is q(5)?
-121
Let m(n) = 75*n - 795. Calculate m(11).
30
Let o(a) = -a**3 + 11*a**2 - 13*a + 30. Calculate o(7).
135
Let g(a) = -78*a - 2520. What is g(-33)?
54
Let s(v) = 178*v**2 - 33*v + 32. Calculate s(1).
177
Let v(k) = -89*k + 2127. Give v(20).
347
Let x(t) = -2*t + 26. What is x(15)?
-4
Let c(z) = 5*z - 45. Determine c(12).
15
Let t(f) = -356*f + 3210. Calculate t(9).
6
Let z(m) = -40*m + 3731. What is z(93)?
11
Let d(c) = 2363*c - 35440. Determine d(15).
5
Let n(h) = 73*h**2 + 3*h + 15. What is n(-2)?
301
Let v(n) = 2*n**3 - 22*n**2 - 19*n + 383. Give v(10).
-7
Let a(h) = -h**3 + 16*h**2 - 12*h - 69. What is a(3)?
12
Let w(k) = -24*k - 1053. Give w(-45).
27
Let i(d) = -d**2 + 136*d - 899. Determine i(7).
4
Let r(i) = 55*i - 2925. Give r(53).
-10
Let y(j) = 74*j**3 + 96*j**2 + 2*j + 3. Determine y(-1).
23
Let b(f) = -5*f**2 - 319*f - 5006. What is b(-28)?
6
Let w(a) = -a**2 - 9*a + 141. What is w(8)?
5
Let p(o) = -o**2 + 63*o + 391. Give p(65).
261
Let w(v) = 2*v**3 + 7*v**2 - 53*v - 23. Calculate w(-7).
5
Let d(n) = n**2 + 2322*n - 25644. Determine d(11).
19
Let h(u) = -u**2 + 11*u + 48. What is h(15)?
-12
Let l(d) = 58*d**2 - 406*d - 6. Calculate l(7).
-6
Let l(m) = -m**2 + 58*m + 15265. Give l(-98).
-23
Let v(c) = -54*c - 143. Give v(-10).
397
Let s(y) = -434*y + 4767. Calculate s(11).
-7
Let v(m) = -10*m**2 - 5*m - 8. Calculate v(-5).
-233
Let x(z) = 97*z + 375. Calculate x(-7).
-304
Let s(g) = g**3 - 86*g**2 + 399*g + 6. Give s(5).
-24
Let i(d) = 21*d - 151. Determine i(-3).
-214
Let u(m) = 2*m**2 + 218*m - 9718. Determine u(-143).
6
Let w(u) = -u**3 - 12*u**2 - u - 1. What is w(-12)?
11
Let f(y) = -23*y - 58. What is f(-4)?
34
Let p(a) = -98*a + 4994. What is p(51)?
-4
Let s(z) = z**3 - 43*z**2 - 187*z - 46. Give s(47).
1
Let u(v) = -11*v**2 - 104*v + 72. Determine u(-10).
12
Let j(s) = 39*s + 659. What is j(-18)?
-43
Let o(i) = i**2 + 12*i + 18. What is o(-4)?
-14
Let s(r) = r**3 - 4*r**2 + 7*r - 87. Determine s(0).
-87
Let z(u) = u**3 + u**2 - 1509*u - 7459. Determine z(-5).
-14
Let f(z) = 10*z**3 + 6*z**2 + z - 4. Determine f(2).
102
Let p(f) = 13*f - 362. What is p(26)?
-24
Let f(p) = 91*p + 2899. Give f(-32).
-13
Let y(q) = 3*q**2 + 17*q + 25. Determine y(-2).
3
Let x(f) = f**2 - 480*f - 41620. Give x(-75).
5
Let b(z) = 47*z**2 + 334*z - 333. What is b(-8)?
3
Let f(o) = -2*o**3 - 3*o**2 - 2*o + 2. Calculate f(2).
-30
Let v(m) = -64*m + 65. Determine v(1).
1
Let i(h) = h**2 - 42*h - 396. Give i(50).
4
Let q(k) = 23*k**3 - 134*k**2 - 18*k - 14. What is q(6)?
22
Let a(k) = 109*k - 2502. Give a(23).
5
Let i(d) = -13*d**2 + 274*d - 16. Give i(21).
5
Let m(x) = -3*x**2 + 45*x + 28. Give m(13).
106
Let o(k) = -13*k - 273. Give o(-21).
0
Let y(f) = -2*f**2 - 225*f + 1115. Give y(5).
-60
Let h(w) = 8*w**3 - 62*w**2 - 12*w - 58. What is h(8)?
-26
Let m(o) = 2*o**3 + 113